{"id":8646,"date":"2021-07-28T10:48:11","date_gmt":"2021-07-28T08:48:11","guid":{"rendered":"http:\/\/www.paej-lepassage.fr\/?page_id=8646"},"modified":"2022-07-27T09:33:39","modified_gmt":"2022-07-27T07:33:39","slug":"vous-pensez-au-suicide-2","status":"publish","type":"page","link":"https:\/\/www.paej-lepassage.fr\/?page_id=8646","title":{"rendered":"Vous pensez au suicide"},"content":{"rendered":"[vc_row][vc_column][mk_fancy_title tag_name=\u00a0\u00bbh5&Prime; color=\u00a0\u00bb#fcb400&Prime; size=\u00a0\u00bb35&Prime; line_height=\u00a0\u00bb65&Prime; font_weight=\u00a0\u00bb900&Prime; font_style=\u00a0\u00bbnormal\u00a0\u00bb txt_transform=\u00a0\u00bbnone\u00a0\u00bb font_family=\u00a0\u00bbnone\u00a0\u00bb align=\u00a0\u00bbcenter\u00a0\u00bb]Vous pensez au suicide<\/p>\n<p><strong><em>\u00a0<\/em><\/strong>[\/mk_fancy_title][mk_fancy_title strip_tags=\u00a0\u00bbtrue\u00a0\u00bb tag_name=\u00a0\u00bbh3&Prime; color=\u00a0\u00bb#fcb400&Prime; size=\u00a0\u00bb25&Prime; force_font_size=\u00a0\u00bbtrue\u00a0\u00bb line_height=\u00a0\u00bb65&Prime; font_weight=\u00a0\u00bbbolder\u00a0\u00bb font_style=\u00a0\u00bbnormal\u00a0\u00bb txt_transform=\u00a0\u00bbnone\u00a0\u00bb font_family=\u00a0\u00bbnone\u00a0\u00bb align=\u00a0\u00bbcenter\u00a0\u00bb animation=\u00a0\u00bbfade-in\u00a0\u00bb drop_shadow=\u00a0\u00bbtrue\u00a0\u00bb shadow_angle=\u00a0\u00bb0&Prime; shadow_distance=\u00a0\u00bb1&Prime; shadow_blur=\u00a0\u00bb2&Prime; shadow_color=\u00a0\u00bb#fcb400&Prime;]\n<h3 style=\"text-align: center;\"><em><strong>Ne restez pas seul.e, parlons-en !<\/strong><\/em><\/h3>\n<p style=\"text-align: center;\"><strong><em>\u00a0<\/em><\/strong><\/p>\n[\/mk_fancy_title][vc_empty_space height=\u00a0\u00bb25px\u00a0\u00bb][vc_column_text]\n<p style=\"text-align: justify;\">Si vous avez des id\u00e9es suicidaires, c\u2019est probablement parce que vous ressentez une souffrance qui occupe trop de place, qui semble insurmontable.<\/p>\n<p style=\"text-align: justify;\">Ces id\u00e9es sont un signal d\u2019alarme \u00e0 \u00e9couter.<\/p>\n<p style=\"text-align: justify;\">Elles sont surtout r\u00e9versibles, car il est possible de les faire cesser : parler de vos id\u00e9es suicidaires \u00e0 un\u00b7e ami\u00b7e, \u00e0 un\u00b7e membre de votre famille ou \u00e0 un\u00b7e professionnel\u00b7le peut vous aider \u00e0 diminuer votre d\u00e9tresse et trouver des solutions pour aller mieux.<\/p>\n[\/vc_column_text][vc_empty_space el_class=\u00a0\u00bbS\u00e9paration \u00ab\u00a0][\/vc_column][\/vc_row][vc_row][vc_column width=\u00a0\u00bb1\/2&Prime;][mk_custom_list style=\u00a0\u00bbmk-moon-lamp-4&Prime; icon_color=\u00a0\u00bb#dd8500\u00a0\u00bb]<strong>PISTES POUR VOUS AIDER \u00c0 PARLER DE VOS ID\u00c9ES SUICIDAIRES <\/strong><\/p>\n<ul>\n<li>\u00a0Vous n\u2019avez pas besoin de savoir exactement quoi dire ou comment le dire. Le simple fait de verbaliser vos id\u00e9es suicidaires et vos souffrances peut \u00eatre la source d\u2019un grand soulagement. Parlez avec vos mots, simplement.<\/li>\n<li>Ne restez pas seul\u00b7e avec cette souffrance. Dans un moment de difficult\u00e9, on a parfois tendance \u00e0 s\u2019isoler alors qu\u2019en s\u2019ouvrant, on peut trouver du soutien, des solutions.<\/li>\n<li>Parlez-en \u00e0 une personne de confiance : un\u00b7e coll\u00e8gue, un\u00b7e ami\u00b7e, un\u00b7e voisin\u00b7e. Si la personne \u00e0 qui vous en avez parl\u00e9 a de la difficult\u00e9 \u00e0 entendre votre souffrance, parlez-en \u00e0 quelqu\u2019un d\u2019autre.<\/li>\n<li>Si tu as moins de 18 ans, nous t\u2019encourageons fortement \u00e0 en parler \u00e0 un adulte de confiance : un\u00b7e professeur\u00b7e, un\u00b7e parent\u00b7e, un\u00b7e intervenant\u00b7e scolaire, etc. Tes ami\u00b7e\u00b7s peuvent t\u2019aider et t\u2019\u00e9couter, mais ils ne peuvent pas porter seul\u00b7e\u00b7s cette confidence.<\/li>\n<li>N\u2019ayez pas peur d\u2019inqui\u00e9ter vos proches en exprimant vos id\u00e9es suicidaires. Ce qu\u2019ils veulent par-dessus tout, c\u2019est vous garder pr\u00e8s d\u2019eux, malgr\u00e9 les difficult\u00e9s. La douleur engendr\u00e9e par un suicide est immens\u00e9ment plus grande que la douleur provoqu\u00e9e par des disputes ou des d\u00e9ceptions. Le suicide ne fait pas cesser la souffrance, il la d\u00e9place et la multiplie.<\/li>\n<\/ul>\n[\/mk_custom_list][\/vc_column][vc_column width=\u00a0\u00bb1\/2&Prime;][mk_custom_list style=\u00a0\u00bbmk-icon-arrow-circle-right\u00a0\u00bb icon_color=\u00a0\u00bb#dd8500&Prime; align=\u00a0\u00bbleft\u00a0\u00bb]<strong>POURQUOI EN PARLER \u00c0 UN\u00b7E PROFESSIONNEL\u00b7LE ?<\/strong><\/p>\n<p style=\"text-align: justify;\">Il existe des intervenant\u00b7e\u00b7s sp\u00e9cialis\u00e9\u00b7es en pr\u00e9vention du suicide, qui peuvent vous \u00e9couter. Ces personnes peuvent \u00eatre des psychologues, des professionnel\u00b7les form\u00e9\u00b7es \u00e0 l\u2019\u00e9coute des jeunes dans un Point \u00c9coute Jeunes ou une Maison des Adolescent\u00b7e\u00b7s. Vous pouvez aussi parler \u00e0 un\u00b7e intervenant\u00b7e scolaire, \u00e0 votre m\u00e9decin, etc.<\/p>\n<p style=\"text-align: justify;\">Cette d\u00e9marche vous permettra de :<\/p>\n<ul>\n<li style=\"text-align: justify;\">Discuter de vos id\u00e9es suicidaires et de votre d\u00e9sir d\u2019arr\u00eater de souffrir;<\/li>\n<li style=\"text-align: justify;\">\u00catre \u00e9cout\u00e9\u00b7e avec ouverture et sans jugement. Un\u00b7e intervenant\u00b7e en pr\u00e9vention du suicide a l\u2019habitude de parler de ce sujet ;<\/li>\n<li style=\"text-align: justify;\">Trouver des pistes de solution \u00e0 certaines difficult\u00e9s ;<\/li>\n<li style=\"text-align: justify;\">Utiliser vos forces et vos ressources qui vous ont d\u00e9j\u00e0 permis de passer \u00e0 travers des moments difficiles ;<\/li>\n<li style=\"text-align: justify;\">Voir autrement la situation que vous vivez, ne plus \u00eatre seul\u00b7e pour chercher des fa\u00e7ons de diminuer la d\u00e9tresse ;<\/li>\n<li style=\"text-align: justify;\">D\u00e9terminer les \u00e9l\u00e9ments qui diminuent vos id\u00e9es suicidaires<\/li>\n<\/ul>\n<p>&nbsp;<\/p>\n<p><em>Source (Association qu\u00e9b\u00e9coise de pr\u00e9vention du suicide)<\/em>[\/mk_custom_list][\/vc_column][\/vc_row][vc_row][vc_column][vc_text_separator title=\u00a0\u00bbBesoin d&rsquo;aide urgente ?\u00a0\u00bb i_icon_fontawesome=\u00a0\u00bbfa fa-angle-double-right\u00a0\u00bb i_color=\u00a0\u00bbsandy_brown\u00a0\u00bb i_background_style=\u00a0\u00bbrounded\u00a0\u00bb color=\u00a0\u00bbsandy_brown\u00a0\u00bb style=\u00a0\u00bbdouble\u00a0\u00bb border_width=\u00a0\u00bb3&Prime; add_icon=\u00a0\u00bbtrue\u00a0\u00bb][vc_empty_space][\/vc_column][\/vc_row][vc_row column_padding=\u00a0\u00bb2&Prime;][vc_column width=\u00a0\u00bb1\/3&Prime;][vc_single_image image=\u00a0\u00bb8791&Prime; alignment=\u00a0\u00bbcenter\u00a0\u00bb][\/vc_column][vc_column width=\u00a0\u00bb1\/3&Prime;][vc_single_image image=\u00a0\u00bb8790&Prime; alignment=\u00a0\u00bbcenter\u00a0\u00bb][\/vc_column][vc_column width=\u00a0\u00bb1\/3&Prime;][vc_single_image image=\u00a0\u00bb8792&Prime; alignment=\u00a0\u00bbcenter\u00a0\u00bb][\/vc_column][\/vc_row]\n","protected":false},"excerpt":{"rendered":"<p>[vc_row][vc_column][mk_fancy_title tag_name=\u00a0\u00bbh5&Prime; color=\u00a0\u00bb#fcb400&Prime; size=\u00a0\u00bb35&Prime; line_height=\u00a0\u00bb65&Prime; font_weight=\u00a0\u00bb900&Prime; font_style=\u00a0\u00bbnormal\u00a0\u00bb txt_transform=\u00a0\u00bbnone\u00a0\u00bb font_family=\u00a0\u00bbnone\u00a0\u00bb align=\u00a0\u00bbcenter\u00a0\u00bb]Vous pensez au suicide \u00a0[\/mk_fancy_title][mk_fancy_title strip_tags=\u00a0\u00bbtrue\u00a0\u00bb tag_name=\u00a0\u00bbh3&Prime; color=\u00a0\u00bb#fcb400&Prime; size=\u00a0\u00bb25&Prime; force_font_size=\u00a0\u00bbtrue\u00a0\u00bb line_height=\u00a0\u00bb65&Prime; font_weight=\u00a0\u00bbbolder\u00a0\u00bb font_style=\u00a0\u00bbnormal\u00a0\u00bb txt_transform=\u00a0\u00bbnone\u00a0\u00bb font_family=\u00a0\u00bbnone\u00a0\u00bb align=\u00a0\u00bbcenter\u00a0\u00bb animation=\u00a0\u00bbfade-in\u00a0\u00bb drop_shadow=\u00a0\u00bbtrue\u00a0\u00bb shadow_angle=\u00a0\u00bb0&Prime; shadow_distance=\u00a0\u00bb1&Prime; shadow_blur=\u00a0\u00bb2&Prime; shadow_color=\u00a0\u00bb#fcb400&Prime;] Ne restez pas seul.e, parlons-en ! \u00a0 [\/mk_fancy_title][vc_empty_space height=\u00a0\u00bb25px\u00a0\u00bb][vc_column_text] Si vous avez des id\u00e9es suicidaires, c\u2019est probablement parce que vous ressentez une souffrance qui [&hellip;]<\/p>\n","protected":false},"author":2,"featured_media":0,"parent":0,"menu_order":0,"comment_status":"closed","ping_status":"closed","template":"","meta":{"_monsterinsights_skip_tracking":false,"_monsterinsights_sitenote_active":false,"_monsterinsights_sitenote_note":"","_monsterinsights_sitenote_category":0,"footnotes":""},"class_list":["post-8646","page","type-page","status-publish","hentry"],"_links":{"self":[{"href":"https:\/\/www.paej-lepassage.fr\/index.php?rest_route=\/wp\/v2\/pages\/8646","targetHints":{"allow":["GET"]}}],"collection":[{"href":"https:\/\/www.paej-lepassage.fr\/index.php?rest_route=\/wp\/v2\/pages"}],"about":[{"href":"https:\/\/www.paej-lepassage.fr\/index.php?rest_route=\/wp\/v2\/types\/page"}],"author":[{"embeddable":true,"href":"https:\/\/www.paej-lepassage.fr\/index.php?rest_route=\/wp\/v2\/users\/2"}],"replies":[{"embeddable":true,"href":"https:\/\/www.paej-lepassage.fr\/index.php?rest_route=%2Fwp%2Fv2%2Fcomments&post=8646"}],"version-history":[{"count":42,"href":"https:\/\/www.paej-lepassage.fr\/index.php?rest_route=\/wp\/v2\/pages\/8646\/revisions"}],"predecessor-version":[{"id":9106,"href":"https:\/\/www.paej-lepassage.fr\/index.php?rest_route=\/wp\/v2\/pages\/8646\/revisions\/9106"}],"wp:attachment":[{"href":"https:\/\/www.paej-lepassage.fr\/index.php?rest_route=%2Fwp%2Fv2%2Fmedia&parent=8646"}],"curies":[{"name":"wp","href":"https:\/\/api.w.org\/{rel}","templated":true}]}}

[vc_row][vc_column][mk_fancy_title tag_name= »h5&Prime; color= »#fcb400&Prime; size= »35&Prime; line_height= »65&Prime; font_weight= »900&Prime; font_style= »normal » txt_transform= »none » font_family= »none » align= »center »]Vous pensez au suicide</p>
<p><strong><em> </em></strong>[/mk_fancy_title][mk_fancy_title strip_tags= »true » tag_name= »h3&Prime; color= »#fcb400&Prime; size= »25&Prime; force_font_size= »true » line_height= »65&Prime; font_weight= »bolder » font_style= »normal » txt_transform= »none » font_family= »none » align= »center » animation= »fade-in » drop_shadow= »true » shadow_angle= »0&Prime; shadow_distance= »1&Prime; shadow_blur= »2&Prime; shadow_color= »#fcb400&Prime;]
<h3 style="text-align: center;"><em><strong>Ne restez pas seul.e, parlons-en !</strong></em></h3>
<p style="text-align: center;"><strong><em> </em></strong></p>
[/mk_fancy_title][vc_empty_space height= »25px »][vc_column_text]
<p style="text-align: justify;">Si vous avez des idées suicidaires, c’est probablement parce que vous ressentez une souffrance qui occupe trop de place, qui semble insurmontable.</p>
<p style="text-align: justify;">Ces idées sont un signal d’alarme à écouter.</p>
<p style="text-align: justify;">Elles sont surtout réversibles, car il est possible de les faire cesser : parler de vos idées suicidaires à un·e ami·e, à un·e membre de votre famille ou à un·e professionnel·le peut vous aider à diminuer votre détresse et trouver des solutions pour aller mieux.</p>
[/vc_column_text][vc_empty_space el_class= »Séparation « ][/vc_column][/vc_row][vc_row][vc_column width= »1/2&Prime;][mk_custom_list style= »mk-moon-lamp-4&Prime; icon_color= »#dd8500 »]<strong>PISTES POUR VOUS AIDER À PARLER DE VOS IDÉES SUICIDAIRES </strong></p>
<ul>
<li> Vous n’avez pas besoin de savoir exactement quoi dire ou comment le dire. Le simple fait de verbaliser vos idées suicidaires et vos souffrances peut être la source d’un grand soulagement. Parlez avec vos mots, simplement.</li>
<li>Ne restez pas seul·e avec cette souffrance. Dans un moment de difficulté, on a parfois tendance à s’isoler alors qu’en s’ouvrant, on peut trouver du soutien, des solutions.</li>
<li>Parlez-en à une personne de confiance : un·e collègue, un·e ami·e, un·e voisin·e. Si la personne à qui vous en avez parlé a de la difficulté à entendre votre souffrance, parlez-en à quelqu’un d’autre.</li>
<li>Si tu as moins de 18 ans, nous t’encourageons fortement à en parler à un adulte de confiance : un·e professeur·e, un·e parent·e, un·e intervenant·e scolaire, etc. Tes ami·e·s peuvent t’aider et t’écouter, mais ils ne peuvent pas porter seul·e·s cette confidence.</li>
<li>N’ayez pas peur d’inquiéter vos proches en exprimant vos idées suicidaires. Ce qu’ils veulent par-dessus tout, c’est vous garder près d’eux, malgré les difficultés. La douleur engendrée par un suicide est immensément plus grande que la douleur provoquée par des disputes ou des déceptions. Le suicide ne fait pas cesser la souffrance, il la déplace et la multiplie.</li>
</ul>
[/mk_custom_list][/vc_column][vc_column width= »1/2&Prime;][mk_custom_list style= »mk-icon-arrow-circle-right » icon_color= »#dd8500&Prime; align= »left »]<strong>POURQUOI EN PARLER À UN·E PROFESSIONNEL·LE ?</strong></p>
<p style="text-align: justify;">Il existe des intervenant·e·s spécialisé·es en prévention du suicide, qui peuvent vous écouter. Ces personnes peuvent être des psychologues, des professionnel·les formé·es à l’écoute des jeunes dans un Point Écoute Jeunes ou une Maison des Adolescent·e·s. Vous pouvez aussi parler à un·e intervenant·e scolaire, à votre médecin, etc.</p>
<p style="text-align: justify;">Cette démarche vous permettra de :</p>
<ul>
<li style="text-align: justify;">Discuter de vos idées suicidaires et de votre désir d’arrêter de souffrir;</li>
<li style="text-align: justify;">Être écouté·e avec ouverture et sans jugement. Un·e intervenant·e en prévention du suicide a l’habitude de parler de ce sujet ;</li>
<li style="text-align: justify;">Trouver des pistes de solution à certaines difficultés ;</li>
<li style="text-align: justify;">Utiliser vos forces et vos ressources qui vous ont déjà permis de passer à travers des moments difficiles ;</li>
<li style="text-align: justify;">Voir autrement la situation que vous vivez, ne plus être seul·e pour chercher des façons de diminuer la détresse ;</li>
<li style="text-align: justify;">Déterminer les éléments qui diminuent vos idées suicidaires</li>
</ul>
<p>&nbsp;</p>
<p><em>Source (Association québécoise de prévention du suicide)</em>[/mk_custom_list][/vc_column][/vc_row][vc_row][vc_column][vc_text_separator title= »Besoin d&rsquo;aide urgente ? » i_icon_fontawesome= »fa fa-angle-double-right » i_color= »sandy_brown » i_background_style= »rounded » color= »sandy_brown » style= »double » border_width= »3&Prime; add_icon= »true »][vc_empty_space][/vc_column][/vc_row][vc_row column_padding= »2&Prime;][vc_column width= »1/3&Prime;][vc_single_image image= »8791&Prime; alignment= »center »][/vc_column][vc_column width= »1/3&Prime;][vc_single_image image= »8790&Prime; alignment= »center »][/vc_column][vc_column width= »1/3&Prime;][vc_single_image image= »8792&Prime; alignment= »center »][/vc_column][/vc_row]

<p>[vc_row][vc_column][mk_fancy_title tag_name= »h5&Prime; color= »#fcb400&Prime; size= »35&Prime; line_height= »65&Prime; font_weight= »900&Prime; font_style= »normal » txt_transform= »none » font_family= »none » align= »center »]Vous pensez au suicide  [/mk_fancy_title][mk_fancy_title strip_tags= »true » tag_name= »h3&Prime; color= »#fcb400&Prime; size= »25&Prime; force_font_size= »true » line_height= »65&Prime; font_weight= »bolder » font_style= »normal » txt_transform= »none » font_family= »none » align= »center » animation= »fade-in » drop_shadow= »true » shadow_angle= »0&Prime; shadow_distance= »1&Prime; shadow_blur= »2&Prime; shadow_color= »#fcb400&Prime;] Ne restez pas seul.e, parlons-en !   [/mk_fancy_title][vc_empty_space height= »25px »][vc_column_text] Si vous avez des idées suicidaires, c’est probablement parce que vous ressentez une souffrance qui [&hellip;]</p>
